{"id":86,"date":"2017-04-03T14:51:29","date_gmt":"2017-04-03T12:51:29","guid":{"rendered":"http:\/\/sel-sud-ra.org\/20ans\/?page_id=86"},"modified":"2017-04-03T14:51:29","modified_gmt":"2017-04-03T12:51:29","slug":"romain-retour-sur-la-creation-du-sel-du-pays-de-romans","status":"publish","type":"page","link":"https:\/\/sel-sud-ra.org\/20ans\/romain-retour-sur-la-creation-du-sel-du-pays-de-romans\/","title":{"rendered":"Romain, retour sur la cr\u00e9ation du SEL du Pays de Romans"},"content":{"rendered":"<p>L&rsquo;origine du SeL de Romans et ses environs remonte aux pentes de la Croix-Rousse, \u00e0 Lyon  !<br \/>\n Ayant adh\u00e9r\u00e9, \u00e0 Lyon, aux alentours de 95-96, <strong>j&rsquo;avais trouv\u00e9 l&rsquo;id\u00e9e excellente, pertinente, avec des valeurs qui collaient bien \u00e0 mes aspirations du moment.<\/strong><br \/>\n Lors de ma migration dans la Dr\u00f4me, j&rsquo;ai eu l&rsquo;envie de semer les graines de ce concept, et s&rsquo;est rapidement, <strong>d\u00e9but 97<\/strong>, que <strong>le projet a \u00e9clos<\/strong>.<\/p>\n<p> Travaillant \u00e0 la M.N.E. Maison de la Nature et de l\u2019environnement, je voyais \u00ab graviter \u00bb des personnes, des \u00e9nergies qui \u00e9taient dans la m\u00eame dynamique, dans la m\u00eame optique.<br \/>\n Rapidement, les premi\u00e8res r\u00e9unions se sont programm\u00e9es, l&rsquo;assembl\u00e9e g\u00e9n\u00e9rale s&rsquo;est constitu\u00e9e, et sans avoir rien vu venir, je me suis retrouv\u00e9 pr\u00e9sident, alors que je n&rsquo;aspirais pas du tout \u00e0 ce poste !!<\/p>\n<p>On b\u00e9n\u00e9ficiait de la nouveaut\u00e9, de l&rsquo;actualit\u00e9 du moment, avec le proc\u00e8s du 1er SeL de France, en Ari\u00e8ge, cr\u00e9\u00e9 en 1994, de l&rsquo;\u00e9nergie d&rsquo;autres associations, MNE, Ferme de Cocagne, Maisons de quartiers, etc.<br \/>\n C&rsquo;\u00e9tait l&rsquo;\u00e9poque o\u00f9 l&rsquo;ordinateur prenait de plus en plus de place, <strong>mais o\u00f9 l&rsquo;on faisait quasiment tout \u00e0 la main !<\/strong><\/p>\n<p> Je me souviens des premi\u00e8res feuilles du <strong>Girofle<\/strong>, illustr\u00e9e \u00e0 la main par Sarah, du catalogue \u00e0 photocopier en 100 exemplaires, les envois, etc. C&rsquo;\u00e9tait artisanal et <strong>tout le monde mettait la main \u00e0 la p\u00e2te<\/strong>, avec comme il se doit la pr\u00e9sence des plats et boissons que nous partagions.<\/p>\n<p> Je trouvais qu&rsquo;il y a avait une belle dynamique, les r\u00f4les \u00e9taient partag\u00e9s, on exp\u00e9rimentait des formes de \u00ab d\u00e9mocratie \u00bb, on comptabilisait tous les \u00e9changes avec le fameux \u00ab ch\u00e9quier \u00bb  \u00e0 clous (carnet \u00e0 souches en trois parties).  Sarah pour des march\u00e9s avait m\u00eame apport\u00e9 des vrais clous pour mat\u00e9rialiser les \u00e9changes  !!!<br \/>\n On parlait pas mal du r\u00f4le de l&rsquo;argent, de la consommation, de son rapport aux \u00e9changes, etc.  <strong>Au d\u00e9part on avait du mal \u00e0 se d\u00e9faire du mod\u00e8le capitaliste<\/strong> (ch\u00e9quier, \u00e9quivalence clous\/francs\/euros), et puis on a commenc\u00e9 par se dire que 60 clous \u00e9quivalait 60 minutes, pour le m\u00eame service, que tu fasses du jardinage, du repassage ou du bricolage&#8230;<\/p>\n<p> Ce qu&rsquo;il y avait de formidable, c&rsquo;est qu&rsquo;au final, plus que de s&rsquo;\u00e9changer une confiture faite maison, des BD, du vin de sureau\u2026 <strong> c&rsquo;\u00e9tait la richesse de rencontrer des personnes avec toutes leurs qualit\u00e9s (et leurs d\u00e9fauts !) <\/strong>et de cr\u00e9er un r\u00e9el r\u00e9seau qui au final voyait les \u00e9changes se faire mais de mani\u00e8re \u00ab officieuse \u00bb, comme entre amis ! On ne se demande pas de clous entre amis.<\/p>\n<p> C&rsquo;est \u00e0 dire qu&rsquo;une bonne partie des membres se c\u00f4toyaient aussi en dehors du SeL, il existait une r\u00e9elle fraternit\u00e9, solidarit\u00e9, qui d\u00e9passait le cadre strict de l&rsquo;association.<\/p>\n<p> La satisfaction \u00e9tait aussi de pouvoir r\u00e9pondre aux personnes qui venaient s&rsquo;inscrire, mais qui n&rsquo;avaient pas d&rsquo;id\u00e9es pour remplir le catalogue, qu&rsquo;elles avaient forc\u00e9ment une comp\u00e9tence \u00e0 offrir ! <\/p>\n<p>Et petit \u00e0 petit, la confiance en soi, le d\u00e9passement de la peur de l&rsquo;autre, la bienveillance, la confiance, autant ingr\u00e9dients qui prenaient ensemble pour mijoter de belles rencontres.<br \/>\n<strong> Didier, Lucie, Louisa, Lise, Sarah, Jean-Pierre, Michel, Odile, et tous les autres.<\/strong><\/p>\n<p>La premi\u00e8re ann\u00e9e, il y avait plus de 100 adh\u00e9rents ! On avait exp\u00e9riment\u00e9 une pr\u00e9sidence \u00e0 double t\u00eates, pour \u00e9viter qu&rsquo;un ou une pr\u00e9sidente s&rsquo;encro\u00fbte dans la fonction, il y avait des commissions qui permettaient  \u00ab l&rsquo;animation \u00bb de toute l&rsquo;association.<\/p>\n<p> Il y avait aussi les rencontres, une fois par mois (?), les permanences (une fois par semaine), les CA&#8230;<br \/>\n On a eu aussi des d\u00e9boires avec le bureau de la MNE, qui voyait dans le SeL, une sorte de contre-pouvoir avec la mairie&#8230; (alors qu&rsquo;il n&rsquo;en \u00e9tait rien !).<br \/>\n<strong> On a eu aussi les critiques de favoriser le travail au noir et donc non d\u00e9clar\u00e9&#8230;<\/strong><br \/>\n On a eu aussi des institutions (ANPE, CAF&#8230;) qui demandaient notre t\u00e9moignage, notre exp\u00e9rience pour \u00ab d\u00e9velopper \u00bb des groupes de personnes pour qu&rsquo;elles \u00ab sortent \u00bb de la mis\u00e8re&#8230; (sic), d\u00e9montrant l&rsquo;incompr\u00e9hension du fonctionnement des SeL.<br \/>\n Il me semble que beaucoup de projets gravitaient autour du SeL, car une majorit\u00e9 des adh\u00e9rents \u00e9taient impliqu\u00e9es dans d&rsquo;autres associations, d&rsquo;autres dynamiques.<\/p>\n<p> Et puis il y a eu le projet de la <strong>Boucherie Chevaline<\/strong>, j&rsquo;ai d\u00e9laiss\u00e9 le SeL, pour m&rsquo;investir dans la cr\u00e9ation du projet, avec Didier. C&rsquo;est d&rsquo;ailleurs lors d&rsquo;une r\u00e9union\/rencontre\/soir\u00e9e festive du SeL que la boutade, de cr\u00e9er un lieu ouvert le soir sur Romans, est partie !<br \/>\n Mon regret est de ne pas avoir fait \u00ab une passation en douceur \u00bb entre les 2 associations. Avec le temps, mon ressenti est d&rsquo;avoir emmen\u00e9 une certaine \u00e9nergie qui a manqu\u00e9 au SeL pour continuer sereinement&#8230;mais j&rsquo;ai \u00e9t\u00e9 rassur\u00e9 quand le SeL 2.0, nouvelle version a pu renaitre !<br \/>\n L&rsquo;autre regret est de ne pas avoir p\u00fb d\u00e9velopper plus de liens entres d&rsquo;autres associations pour grandir en \u00e9changes. Il y en a eu un peu avec la Boucherie pour l&rsquo;achat des boissons en clous.<\/p>\n<p><strong> Ce f\u00fbt un plaisir, un sentiment de fiert\u00e9 que d&rsquo;avoir particip\u00e9 \u00e0 cette grande aventure<\/strong>, cette \u00e9pop\u00e9e, et d&rsquo;avoir pu vivre et faire vivre des rencontres riches en humanit\u00e9 et solidarit\u00e9.<br \/>\n<strong> 20 ans, quel bel \u00e2ge ! <\/strong>C&rsquo;est avec plaisir que je r\u00e9\u00e9coute les 20 ans de L\u00e9o Ferr\u00e9 !<\/p>\n<p>\t\t\t\t\t\t\t\t\t\t<em>Romain <\/em><\/p>\n","protected":false},"excerpt":{"rendered":"<p>L&rsquo;origine du SeL de Romans et ses environs remonte aux pentes de la Croix-Rousse, \u00e0 Lyon ! Ayant adh\u00e9r\u00e9, \u00e0 Lyon, aux alentours de 95-96, j&rsquo;avais trouv\u00e9 l&rsquo;id\u00e9e excellente, pertinente, avec des valeurs qui collaient bien \u00e0 mes aspirations du moment. Lors de ma migration dans la Dr\u00f4me, j&rsquo;ai eu l&rsquo;envie de semer les graines &hellip; <a href=\"https:\/\/sel-sud-ra.org\/20ans\/romain-retour-sur-la-creation-du-sel-du-pays-de-romans\/\" class=\"more-link\">Continuer la lecture de <span class=\"screen-reader-text\">Romain, retour sur la cr\u00e9ation du SEL du Pays de Romans<\/span><\/a><\/p>\n","protected":false},"author":1,"featured_media":0,"parent":0,"menu_order":0,"comment_status":"closed","ping_status":"closed","template":"","meta":{"footnotes":""},"class_list":["post-86","page","type-page","status-publish","hentry"],"_links":{"self":[{"href":"https:\/\/sel-sud-ra.org\/20ans\/wp-json\/wp\/v2\/pages\/86","targetHints":{"allow":["GET"]}}],"collection":[{"href":"https:\/\/sel-sud-ra.org\/20ans\/wp-json\/wp\/v2\/pages"}],"about":[{"href":"https:\/\/sel-sud-ra.org\/20ans\/wp-json\/wp\/v2\/types\/page"}],"author":[{"embeddable":true,"href":"https:\/\/sel-sud-ra.org\/20ans\/wp-json\/wp\/v2\/users\/1"}],"replies":[{"embeddable":true,"href":"https:\/\/sel-sud-ra.org\/20ans\/wp-json\/wp\/v2\/comments?post=86"}],"version-history":[{"count":1,"href":"https:\/\/sel-sud-ra.org\/20ans\/wp-json\/wp\/v2\/pages\/86\/revisions"}],"predecessor-version":[{"id":87,"href":"https:\/\/sel-sud-ra.org\/20ans\/wp-json\/wp\/v2\/pages\/86\/revisions\/87"}],"wp:attachment":[{"href":"https:\/\/sel-sud-ra.org\/20ans\/wp-json\/wp\/v2\/media?parent=86"}],"curies":[{"name":"wp","href":"https:\/\/api.w.org\/{rel}","templated":true}]}}

Romain, retour sur la création du SEL du Pays de Romans

<p>L&rsquo;origine du SeL de Romans et ses environs remonte aux pentes de la Croix-Rousse, à Lyon  !<br />
 Ayant adhéré, à Lyon, aux alentours de 95-96, <strong>j&rsquo;avais trouvé l&rsquo;idée excellente, pertinente, avec des valeurs qui collaient bien à mes aspirations du moment.</strong><br />
 Lors de ma migration dans la Drôme, j&rsquo;ai eu l&rsquo;envie de semer les graines de ce concept, et s&rsquo;est rapidement, <strong>début 97</strong>, que <strong>le projet a éclos</strong>.</p>
<p> Travaillant à la M.N.E. Maison de la Nature et de l’environnement, je voyais « graviter » des personnes, des énergies qui étaient dans la même dynamique, dans la même optique.<br />
 Rapidement, les premières réunions se sont programmées, l&rsquo;assemblée générale s&rsquo;est constituée, et sans avoir rien vu venir, je me suis retrouvé président, alors que je n&rsquo;aspirais pas du tout à ce poste !!</p>
<p>On bénéficiait de la nouveauté, de l&rsquo;actualité du moment, avec le procès du 1er SeL de France, en Ariège, créé en 1994, de l&rsquo;énergie d&rsquo;autres associations, MNE, Ferme de Cocagne, Maisons de quartiers, etc.<br />
 C&rsquo;était l&rsquo;époque où l&rsquo;ordinateur prenait de plus en plus de place, <strong>mais où l&rsquo;on faisait quasiment tout à la main !</strong></p>
<p> Je me souviens des premières feuilles du <strong>Girofle</strong>, illustrée à la main par Sarah, du catalogue à photocopier en 100 exemplaires, les envois, etc. C&rsquo;était artisanal et <strong>tout le monde mettait la main à la pâte</strong>, avec comme il se doit la présence des plats et boissons que nous partagions.</p>
<p> Je trouvais qu&rsquo;il y a avait une belle dynamique, les rôles étaient partagés, on expérimentait des formes de « démocratie », on comptabilisait tous les échanges avec le fameux « chéquier »  à clous (carnet à souches en trois parties).  Sarah pour des marchés avait même apporté des vrais clous pour matérialiser les échanges  !!!<br />
 On parlait pas mal du rôle de l&rsquo;argent, de la consommation, de son rapport aux échanges, etc.  <strong>Au départ on avait du mal à se défaire du modèle capitaliste</strong> (chéquier, équivalence clous/francs/euros), et puis on a commencé par se dire que 60 clous équivalait 60 minutes, pour le même service, que tu fasses du jardinage, du repassage ou du bricolage&#8230;</p>
<p> Ce qu&rsquo;il y avait de formidable, c&rsquo;est qu&rsquo;au final, plus que de s&rsquo;échanger une confiture faite maison, des BD, du vin de sureau… <strong> c&rsquo;était la richesse de rencontrer des personnes avec toutes leurs qualités (et leurs défauts !) </strong>et de créer un réel réseau qui au final voyait les échanges se faire mais de manière « officieuse », comme entre amis ! On ne se demande pas de clous entre amis.</p>
<p> C&rsquo;est à dire qu&rsquo;une bonne partie des membres se côtoyaient aussi en dehors du SeL, il existait une réelle fraternité, solidarité, qui dépassait le cadre strict de l&rsquo;association.</p>
<p> La satisfaction était aussi de pouvoir répondre aux personnes qui venaient s&rsquo;inscrire, mais qui n&rsquo;avaient pas d&rsquo;idées pour remplir le catalogue, qu&rsquo;elles avaient forcément une compétence à offrir ! </p>
<p>Et petit à petit, la confiance en soi, le dépassement de la peur de l&rsquo;autre, la bienveillance, la confiance, autant ingrédients qui prenaient ensemble pour mijoter de belles rencontres.<br />
<strong> Didier, Lucie, Louisa, Lise, Sarah, Jean-Pierre, Michel, Odile, et tous les autres.</strong></p>
<p>La première année, il y avait plus de 100 adhérents ! On avait expérimenté une présidence à double têtes, pour éviter qu&rsquo;un ou une présidente s&rsquo;encroûte dans la fonction, il y avait des commissions qui permettaient  « l&rsquo;animation » de toute l&rsquo;association.</p>
<p> Il y avait aussi les rencontres, une fois par mois (?), les permanences (une fois par semaine), les CA&#8230;<br />
 On a eu aussi des déboires avec le bureau de la MNE, qui voyait dans le SeL, une sorte de contre-pouvoir avec la mairie&#8230; (alors qu&rsquo;il n&rsquo;en était rien !).<br />
<strong> On a eu aussi les critiques de favoriser le travail au noir et donc non déclaré&#8230;</strong><br />
 On a eu aussi des institutions (ANPE, CAF&#8230;) qui demandaient notre témoignage, notre expérience pour « développer » des groupes de personnes pour qu&rsquo;elles « sortent » de la misère&#8230; (sic), démontrant l&rsquo;incompréhension du fonctionnement des SeL.<br />
 Il me semble que beaucoup de projets gravitaient autour du SeL, car une majorité des adhérents étaient impliquées dans d&rsquo;autres associations, d&rsquo;autres dynamiques.</p>
<p> Et puis il y a eu le projet de la <strong>Boucherie Chevaline</strong>, j&rsquo;ai délaissé le SeL, pour m&rsquo;investir dans la création du projet, avec Didier. C&rsquo;est d&rsquo;ailleurs lors d&rsquo;une réunion/rencontre/soirée festive du SeL que la boutade, de créer un lieu ouvert le soir sur Romans, est partie !<br />
 Mon regret est de ne pas avoir fait « une passation en douceur » entre les 2 associations. Avec le temps, mon ressenti est d&rsquo;avoir emmené une certaine énergie qui a manqué au SeL pour continuer sereinement&#8230;mais j&rsquo;ai été rassuré quand le SeL 2.0, nouvelle version a pu renaitre !<br />
 L&rsquo;autre regret est de ne pas avoir pû développer plus de liens entres d&rsquo;autres associations pour grandir en échanges. Il y en a eu un peu avec la Boucherie pour l&rsquo;achat des boissons en clous.</p>
<p><strong> Ce fût un plaisir, un sentiment de fierté que d&rsquo;avoir participé à cette grande aventure</strong>, cette épopée, et d&rsquo;avoir pu vivre et faire vivre des rencontres riches en humanité et solidarité.<br />
<strong> 20 ans, quel bel âge ! </strong>C&rsquo;est avec plaisir que je réécoute les 20 ans de Léo Ferré !</p>
<p>										<em>Romain </em></p>

<p>L&rsquo;origine du SeL de Romans et ses environs remonte aux pentes de la Croix-Rousse, à Lyon ! Ayant adhéré, à Lyon, aux alentours de 95-96, j&rsquo;avais trouvé l&rsquo;idée excellente, pertinente, avec des valeurs qui collaient bien à mes aspirations du moment. Lors de ma migration dans la Drôme, j&rsquo;ai eu l&rsquo;envie de semer les graines &hellip; <a href="https://sel-sud-ra.org/20ans/romain-retour-sur-la-creation-du-sel-du-pays-de-romans/" class="more-link">Continuer la lecture de <span class="screen-reader-text">Romain, retour sur la création du SEL du Pays de Romans</span></a></p>
