{"id":81,"date":"2017-04-03T14:44:38","date_gmt":"2017-04-03T12:44:38","guid":{"rendered":"http:\/\/sel-sud-ra.org\/20ans\/?page_id=81"},"modified":"2017-04-03T14:44:38","modified_gmt":"2017-04-03T12:44:38","slug":"presentation-du-sel-du-sud-gresivaudan","status":"publish","type":"page","link":"https:\/\/sel-sud-ra.org\/20ans\/presentation-du-sel-du-sud-gresivaudan\/","title":{"rendered":"Pr\u00e9sentation du SEL du Sud Gr\u00e9sivaudan"},"content":{"rendered":"<p>Historique pour l&rsquo;Intersel des 20ans<br \/>\n\u00e0 Grange les Beaumont  les 1er et 2 avril 2017<\/p>\n<p>Suite \u00e0 un appel lanc\u00e9 dans le journal local par plusieurs personnes, des membres d&rsquo;une association locale de ch\u00f4meurs et des personnes pratiquant le troc direct, une dizaine de personnes d&rsquo;horizons diff\u00e9rents se sont r\u00e9unies, elles voulaient am\u00e9liorer la condition des autres. Elles ont donc cr\u00e9\u00e9 leur SEL, puis elles ont contact\u00e9 d&rsquo;autres SEL pour leur demander les d\u00e9marches \u00e0 suivre.<\/p>\n<p>A la fin de la premi\u00e8re ann\u00e9e 80 familles \u00e9taient inscrites.<br \/>\nTout de suite les Mairies de St Marcellin et Pont en Royans ont pr\u00eat\u00e9 une salle pour les BLE mensuelles.<\/p>\n<p>En dehors des BLE les offres et demandes \u00e9taient centralis\u00e9es et diffus\u00e9es sur papier tr\u00e8s r\u00e9guli\u00e8rement et le bouche \u00e0 oreille fonctionnait tr\u00e8s bien et vite.<br \/>\nUn bulletin papier donnait les infos n\u00e9cessaires.<\/p>\n<p>Puis internet est arriv\u00e9 et maintenant chacun g\u00e8re ses offres et demandes sur son espace du Web Catalogue (merci Mireille)<\/p>\n<p>Depuis le d\u00e9but sont propos\u00e9s par les adh\u00e9rents des sorties nature, patrimoine, balades, soir\u00e9e jeux, chants, discussion&#8230; atelier divers\u2026 toutes ces activit\u00e9s cr\u00e9ent du lien entre nous.<\/p>\n<p>Depuis 20 ans nous sommes entre 100 et 130 adh\u00e9rents chaque ann\u00e9e.<\/p>\n<p>Cette ann\u00e9e la commission \u00ab nouveaux adh\u00e9rents \u00bb a \u00e9t\u00e9 r\u00e9-activ\u00e9e pour accompagner ou aider nos nouveaux adh\u00e9rents avec une r\u00e9union d&rsquo;information, un accueil \u00e0 chaque BLE et un syst\u00e8me de parrainage pour ceux qui le souhaitent.<\/p>\n<p>Le bulletin est de nouveau relanc\u00e9 apr\u00e8s une br\u00e8ve \u00e9clipse.<\/p>\n<p>Merci au SEL des 2 rives pour la plus grosse partie de l&rsquo;organisation de nos 20 ans ainsi qu&rsquo;\u00e0 Radisel. \u2026<\/p>\n<p>Longue vie \u00e0 nos SEL et \u00e0 nos prochains 30ans<\/p>\n","protected":false},"excerpt":{"rendered":"<p>Historique pour l&rsquo;Intersel des 20ans \u00e0 Grange les Beaumont les 1er et 2 avril 2017 Suite \u00e0 un appel lanc\u00e9 dans le journal local par plusieurs personnes, des membres d&rsquo;une association locale de ch\u00f4meurs et des personnes pratiquant le troc direct, une dizaine de personnes d&rsquo;horizons diff\u00e9rents se sont r\u00e9unies, elles voulaient am\u00e9liorer la condition &hellip; <a href=\"https:\/\/sel-sud-ra.org\/20ans\/presentation-du-sel-du-sud-gresivaudan\/\" class=\"more-link\">Continuer la lecture de <span class=\"screen-reader-text\">Pr\u00e9sentation du SEL du Sud Gr\u00e9sivaudan<\/span><\/a><\/p>\n","protected":false},"author":1,"featured_media":0,"parent":0,"menu_order":0,"comment_status":"closed","ping_status":"closed","template":"","meta":{"footnotes":""},"class_list":["post-81","page","type-page","status-publish","hentry"],"_links":{"self":[{"href":"https:\/\/sel-sud-ra.org\/20ans\/wp-json\/wp\/v2\/pages\/81","targetHints":{"allow":["GET"]}}],"collection":[{"href":"https:\/\/sel-sud-ra.org\/20ans\/wp-json\/wp\/v2\/pages"}],"about":[{"href":"https:\/\/sel-sud-ra.org\/20ans\/wp-json\/wp\/v2\/types\/page"}],"author":[{"embeddable":true,"href":"https:\/\/sel-sud-ra.org\/20ans\/wp-json\/wp\/v2\/users\/1"}],"replies":[{"embeddable":true,"href":"https:\/\/sel-sud-ra.org\/20ans\/wp-json\/wp\/v2\/comments?post=81"}],"version-history":[{"count":1,"href":"https:\/\/sel-sud-ra.org\/20ans\/wp-json\/wp\/v2\/pages\/81\/revisions"}],"predecessor-version":[{"id":82,"href":"https:\/\/sel-sud-ra.org\/20ans\/wp-json\/wp\/v2\/pages\/81\/revisions\/82"}],"wp:attachment":[{"href":"https:\/\/sel-sud-ra.org\/20ans\/wp-json\/wp\/v2\/media?parent=81"}],"curies":[{"name":"wp","href":"https:\/\/api.w.org\/{rel}","templated":true}]}}

Présentation du SEL du Sud Grésivaudan

<p>Historique pour l&rsquo;Intersel des 20ans<br />
à Grange les Beaumont  les 1er et 2 avril 2017</p>
<p>Suite à un appel lancé dans le journal local par plusieurs personnes, des membres d&rsquo;une association locale de chômeurs et des personnes pratiquant le troc direct, une dizaine de personnes d&rsquo;horizons différents se sont réunies, elles voulaient améliorer la condition des autres. Elles ont donc créé leur SEL, puis elles ont contacté d&rsquo;autres SEL pour leur demander les démarches à suivre.</p>
<p>A la fin de la première année 80 familles étaient inscrites.<br />
Tout de suite les Mairies de St Marcellin et Pont en Royans ont prêté une salle pour les BLE mensuelles.</p>
<p>En dehors des BLE les offres et demandes étaient centralisées et diffusées sur papier très régulièrement et le bouche à oreille fonctionnait très bien et vite.<br />
Un bulletin papier donnait les infos nécessaires.</p>
<p>Puis internet est arrivé et maintenant chacun gère ses offres et demandes sur son espace du Web Catalogue (merci Mireille)</p>
<p>Depuis le début sont proposés par les adhérents des sorties nature, patrimoine, balades, soirée jeux, chants, discussion&#8230; atelier divers… toutes ces activités créent du lien entre nous.</p>
<p>Depuis 20 ans nous sommes entre 100 et 130 adhérents chaque année.</p>
<p>Cette année la commission « nouveaux adhérents » a été ré-activée pour accompagner ou aider nos nouveaux adhérents avec une réunion d&rsquo;information, un accueil à chaque BLE et un système de parrainage pour ceux qui le souhaitent.</p>
<p>Le bulletin est de nouveau relancé après une brève éclipse.</p>
<p>Merci au SEL des 2 rives pour la plus grosse partie de l&rsquo;organisation de nos 20 ans ainsi qu&rsquo;à Radisel. …</p>
<p>Longue vie à nos SEL et à nos prochains 30ans</p>

<p>Historique pour l&rsquo;Intersel des 20ans à Grange les Beaumont les 1er et 2 avril 2017 Suite à un appel lancé dans le journal local par plusieurs personnes, des membres d&rsquo;une association locale de chômeurs et des personnes pratiquant le troc direct, une dizaine de personnes d&rsquo;horizons différents se sont réunies, elles voulaient améliorer la condition &hellip; <a href="https://sel-sud-ra.org/20ans/presentation-du-sel-du-sud-gresivaudan/" class="more-link">Continuer la lecture de <span class="screen-reader-text">Présentation du SEL du Sud Grésivaudan</span></a></p>
