{"id":7,"date":"2017-04-03T10:54:57","date_gmt":"2017-04-03T08:54:57","guid":{"rendered":"http:\/\/sel-sud-ra.org\/20ans\/?page_id=7"},"modified":"2019-05-25T09:50:18","modified_gmt":"2019-05-25T07:50:18","slug":"accueil","status":"publish","type":"page","link":"https:\/\/sel-sud-ra.org\/20ans\/","title":{"rendered":"20 ans !"},"content":{"rendered":"<div style=\"float: right; padding: 17px; font-size: 0.7em;\"><a href=\"http:\/\/sel-sud-ra.org\/20ans\/photos\/\"><img loading=\"lazy\" decoding=\"async\" class=\"alignnone size-full wp-image-347\" title=\"Reportage photos\" src=\"http:\/\/sel-sud-ra.org\/20ans\/wp-content\/uploads\/2017\/04\/photos.png\" alt=\"acc\u00e8s au reportage photos\" width=\"80\" height=\"97\" \/> voir<\/a><\/div>\n<p><strong>Les SEL de Romans (SEL des deux rives) de St Marcellin (Sel du Sud Gr\u00e9sivaudan) et de Die (Radisel) f\u00eataient leurs 20 ans \u00e0 l&rsquo;occasion de l&rsquo;interSEL sud Rh\u00f4ne-Alpes qui se tenait \u00e0\u00a0 \u00a0 \u00a0 \u00a0 Granges les Beaumont les 1er et 2 avril 2017.<\/strong><\/p>\n<p>Le week-end a commenc\u00e9 par deux <strong>visites<\/strong>, organis\u00e9es par Christine, visite\u00a0de l\u2019atelier de tissage et confection \u0117cologiques de jeans Made in France 1083 \u00a0<a href=\"http:\/\/sel-sud-ra.org\/20ans\/atelier-1083\/\">Voir<\/a>\u00a0 et\u00a0visite de la coll\u00e9giale St Barnard de Romans, avec visite de la nef, du choeur, de la sacristie, de la chapelle du Saint-Sacrement et du triforium (<a href=\"http:\/\/collegialedesaintbarnardaromanssurisere.hautetfort.com\/archive\/2014\/08\/25\/l-association-des-amis-de-saint-barnard-5434130.html\">qu&rsquo;est-ce que c&rsquo;est ?<\/a>).<\/p>\n<p>Au vu de l&rsquo;engouement pour ces deux visites (une quarantaine de s\u00e9listes ext\u00e9rieurs et presque autant de romanais), ces derniers &#8211; un peu d\u00e9pit\u00e9s &#8211; ont\u00a0d\u00fb laisser la place pour les invit\u00e9s !<\/p>\n<p>Pendant ce temps les autres s\u00e9listes, <strong>arriv\u00e9s de 11 SEL de la r\u00e9gion,<\/strong> <a href=\"http:\/\/sel-sud-ra.org\/20ans\/les-sel-presents\/\">voir<\/a>, arrivent et patientent autour d&rsquo;un go\u00fbter et tous se retrouvent vers 19h autour d&rsquo;un ap\u00e9ritif dont clairette, vin de noix, kir ch\u00e2taigne rappelent les terroirs des SEL organisateurs.<\/p>\n<p><a href=\"http:\/\/sel-sud-ra.org\/20ans\/wp-content\/uploads\/2017\/04\/arbreAsouhaits.jpg\"><img loading=\"lazy\" decoding=\"async\" class=\"alignright\" style=\"border: 1px outset #5F140D;\" src=\"http:\/\/sel-sud-ra.org\/20ans\/wp-content\/uploads\/2017\/04\/arbreAsouhaits_V.jpg\" alt=\"arbre \u00e0 souhaits\" width=\"150\" height=\"90\" \/><\/a> Chacun d\u00e8s son arriv\u00e9e est\u00a0invit\u00e9 \u00e0 formuler des<strong> voeux pour le mouvement SEL<\/strong> sur l&rsquo;arbre \u00e0 souhaits, <a href=\"http:\/\/sel-sud-ra.org\/20ans\/larbre-a-souhaits\/\">voir<\/a><\/p>\n<p>et chacun peut prendre connaissance d&rsquo;une <strong>p\u00e9tition<\/strong> lanc\u00e9e par les SEL contre un projet de loi impactant lourdement les Syst\u00e8me d&rsquo;Echanges Locaux\u00a0<a href=\"http:\/\/sel-sud-ra.org\/20ans\/non-a-la-taxe-sur-les-sel\/\">voir<\/a><\/p>\n<p>Vers 20h les 83 s\u00e9listes sont\u00a0\u00a0invit\u00e9s \u00e0 s&rsquo;installer \u00e0 table et le buffet, r\u00e9alis\u00e9 \u00e0 partir de ce que chacun a apport\u00e9 (<em>le fameux et toujours riche <strong>repas partag\u00e9 du SEL<\/strong><\/em>), est dress\u00e9.<\/p>\n<p>Marie Claude (Radisel), Mireille (Sel des deux rives) \u00a0et Pierrette (Sel du Sud Gr\u00e9sivaudant) ouvrent alors officiellement l&rsquo;interSEL et la soir\u00e9e d&rsquo;anniversaire <a href=\"http:\/\/sel-sud-ra.org\/20ans\/discours-douverture\/\">Lire<\/a>.<\/p>\n<p><strong>Alexandre<\/strong>, du SEL des deux rives (pr\u00e9sident et directeur artistique de la compagnie de th\u00e9\u00e2tre amateur<strong> Tryd&rsquo;Art<\/strong>), assure l&rsquo;animation <a href=\"http:\/\/sel-sud-ra.org\/20ans\/trydart\/\">Voir<\/a>.<br \/>\n<em><br \/>\nAu programme de la soir\u00e9e<\/em><\/p>\n<ul>\n<li>Guitare et chanson par Malcolm et Doroth\u00e9e (du SEL des deux rives)<\/li>\n<li>\u00ab \u00e7a va mal \u00bb Th\u00e9\u00e2tre (par la compagnie Acte D\u2019Eux dont Andr\u00e9 du SEL des deux rives est \u00a0membre) <a href=\"http:\/\/sel-sud-ra.org\/20ans\/acte-deux\/\">voir<\/a><\/li>\n<li>Le petit Chaperon rouge en franglais par Sarah (du SEL des deux rives)<\/li>\n<li>Conte cr\u00e9\u00e9 avec le public par Albert (du SEL des deux rives)<\/li>\n<li>Chanson irlandaise par Sarah<\/li>\n<li>\u00ab tu as entendu ? \u00bb Th\u00e9\u00e2tre par la compagnie Acte D\u2019Eux<\/li>\n<li>Guitare et chanson Malcolm et Doroth\u00e9e<\/li>\n<\/ul>\n<p>Vers 22h la salle est mise dans l&rsquo;obscurit\u00e9 et le\u00a0<strong>g\u00e2teau d&rsquo;anniversaire<\/strong>\u00a0fait son entr\u00e9e sur une musique qui souligne le suspens&#8230; le d\u00e9but de l&rsquo;introduction de Ainsi-Parlait-Zarathoustra ! <a href=\"https:\/\/www.youtube.com\/watch?v=HimqZylV-ic\">c&rsquo;est quoi ?<\/a><\/p>\n<div style=\"margin-left: 37px;\"><em>Chacun des trois SEL organisateurs a travaill\u00e9 \u00e0 l&rsquo;\u00e9laboration du g\u00e2teau. <\/em><\/div>\n<div style=\"margin-left: 37px;\"><\/div>\n<div style=\"margin-left: 37px;\"><em>C&rsquo;est ainsi qu&rsquo;ont \u00e9t\u00e9 install\u00e9s sur le support (sp\u00e9cialement cr\u00e9\u00e9 par Dominique et Annie) :<br \/>\n\u00a4 sur la base, les g\u00e2teaux au chocolat du Sel du Gr\u00e9sivaudan d\u00e9cor\u00e9s de noix pour faire rappel \u00e0 sa monnaie, le <strong>cerneau<\/strong>,<br \/>\n\u00a4 \u00e0 l&rsquo;\u00e9tage suivant le g\u00e2teau du Sel des Deux rives constitu\u00e9s de choux \u00e0 la cr\u00e8me et orn\u00e9s de deux<strong> clous<\/strong> en chocolat rappelant l&rsquo;unit\u00e9 utilis\u00e9e \u00e0 Romans<br \/>\n\u00a4 et enfin \u00e0 l&rsquo;\u00e9tage sup\u00e9rieur le g\u00e2teau du Radisel fait de l&rsquo;assemblage de multiples petits bouts de g\u00e2teaux recouvert par une multitude de <strong>radis<\/strong> en p\u00e2te d&rsquo;amande pour rappeler, eux aussi, le nom de l&rsquo;unit\u00e9.\u00a0<\/em><\/div>\n<div style=\"margin-left: 37px; margin-bottom: 17px;\"><\/div>\n<p>Les invit\u00e9s ont chacun re\u00e7u un petit papier pli\u00e9&#8230; \u00a0et sont invit\u00e9s \u00e0 l&rsquo;ouvrir. Un seul porte\u00a0la mention \u00ab <strong><em>J&rsquo;aime mon SEL<\/em><\/strong>\u00a0\u00bb. C&rsquo;est <strong>Nathalie du SEL du Sud Gr\u00e9sivaudan<\/strong> qui est\u00a0ainsi d\u00e9sign\u00e9e par le sort pour souffler les bougies d&rsquo;anniversaire !<\/p>\n<p>Avant de d\u00e9guster le g\u00e2teau la derni\u00e8re surprise de la soir\u00e9e&#8230; les s\u00e9listes du Sud Gr\u00e9sivaudan entonnent sur la musique de\u00a0<strong>Zorro est arriv\u00e9<\/strong>\u00a0d&rsquo;Henri Salvador, avec Marie au piano, un texte sp\u00e9cialement \u00e9crit pour l&rsquo;occasion <a href=\"http:\/\/sel-sud-ra.org\/20ans\/chanson-des-20-ans\/\">Lire<\/a>. Et pendant ce temps des petits Zorro courrent dans la salle. <img loading=\"lazy\" decoding=\"async\" class=\"size-medium wp-image-169 alignright\" style=\"border: 1px outset #5F140D;\" src=\"http:\/\/sel-sud-ra.org\/20ans\/wp-content\/uploads\/2017\/04\/P4010323-300x225.jpg\" alt=\"\" width=\"300\" height=\"225\" srcset=\"https:\/\/sel-sud-ra.org\/20ans\/wp-content\/uploads\/2017\/04\/P4010323-300x225.jpg 300w, https:\/\/sel-sud-ra.org\/20ans\/wp-content\/uploads\/2017\/04\/P4010323-768x576.jpg 768w, https:\/\/sel-sud-ra.org\/20ans\/wp-content\/uploads\/2017\/04\/P4010323-1024x768.jpg 1024w\" sizes=\"auto, (max-width: 300px) 100vw, 300px\" \/><\/p>\n<p>Cette soir\u00e9e d&rsquo;anniversaire s&rsquo;ach\u00e8ve en <strong>musique et danse<\/strong> toujours anim\u00e9e par Alexandre.<\/p>\n<p>Le dimanche matin, apr\u00e8s une bonne nuit de repos, l&rsquo;accueil est\u00a0r\u00e9alis\u00e9 par un <strong>petit d\u00e9jeuner, \u00e0 \u00a0la Pogne de Romans<\/strong> bien entendu !<\/p>\n<p>Puis la BLE <strong>Bourse Locale d&rsquo;Echange<\/strong>\u00a0est ouverte sans attendre et de nombreux s\u00e9listes qui n&rsquo;avaient pu venir la veille \u00a0nous ont rejoint. \u00a0Il n&rsquo;aurait pas fallu plus de monde ! la salle des f\u00eates de Granges les Beaumont est comble et toutes les tables sont mobilis\u00e9es !<\/p>\n<p>Apr\u00e8s que chacun ait pu faire des affaires le repas partag\u00e9 est \u00a0install\u00e9, comme la veille&#8230; pour r\u00e9galer de nouveau les convives. Il faut savoir que pour tout \u00e7a &#8211; avant l&rsquo;arriv\u00e9e des s\u00e9listes et aussi toute la journ\u00e9e &#8211; des petites mains se sont aff\u00e9r\u00e9es !<img loading=\"lazy\" decoding=\"async\" class=\"size-medium wp-image-183 alignleft\" style=\"border: 1px outset #5F140D;\" src=\"http:\/\/sel-sud-ra.org\/20ans\/wp-content\/uploads\/2017\/04\/20170401_110433-300x180.jpg\" alt=\"\" width=\"300\" height=\"180\" srcset=\"https:\/\/sel-sud-ra.org\/20ans\/wp-content\/uploads\/2017\/04\/20170401_110433-300x180.jpg 300w, https:\/\/sel-sud-ra.org\/20ans\/wp-content\/uploads\/2017\/04\/20170401_110433-150x90.jpg 150w, https:\/\/sel-sud-ra.org\/20ans\/wp-content\/uploads\/2017\/04\/20170401_110433-768x461.jpg 768w, https:\/\/sel-sud-ra.org\/20ans\/wp-content\/uploads\/2017\/04\/20170401_110433-1024x615.jpg 1024w, https:\/\/sel-sud-ra.org\/20ans\/wp-content\/uploads\/2017\/04\/20170401_110433.jpg 2048w\" sizes=\"auto, (max-width: 300px) 100vw, 300px\" \/><br \/>\n<img loading=\"lazy\" decoding=\"async\" class=\"size-medium wp-image-187\" style=\"border: 1px outset #5F140D;\" src=\"http:\/\/sel-sud-ra.org\/20ans\/wp-content\/uploads\/2017\/04\/P4010280Bis-225x300.jpg\" alt=\"\" width=\"225\" height=\"300\" srcset=\"https:\/\/sel-sud-ra.org\/20ans\/wp-content\/uploads\/2017\/04\/P4010280Bis-225x300.jpg 225w, https:\/\/sel-sud-ra.org\/20ans\/wp-content\/uploads\/2017\/04\/P4010280Bis-113x150.jpg 113w, https:\/\/sel-sud-ra.org\/20ans\/wp-content\/uploads\/2017\/04\/P4010280Bis-768x1024.jpg 768w\" sizes=\"auto, (max-width: 225px) 100vw, 225px\" \/><\/p>\n<p>En fin de repas \u00a0Mireille, Pierrette et Marie Claude lisent un texte sur l&rsquo;<strong>historique<\/strong> de leur <strong>SEL<\/strong> respectif \u00a0<a href=\"http:\/\/sel-sud-ra.org\/20ans\/presentation-des-sel-de-romans-die-et-st-marcellin\/\">Lire<\/a>. Puis les ateliers sont mis en place :<\/p>\n<p>* atelier du rire par Jeanne Marie (du SEL des deux rives)<br \/>\n* atelier \u00e9criture Slam\u2019o SEL\u00a0anim\u00e9 par Christine du SEL des deux rives<br \/>\n* atelier carterie par Delphine du SEL de Roussillon<br \/>\n* atelier chambre \u00e0 air par Dominique du SEL des deux rives<br \/>\n* atelier de marionnettes par Gladys du SEL du Sud Gr\u00e9sivaudan<br \/>\n* atelier nouveaux modes de culture\u00a0par Jacques du SEL des deux rives.<br \/>\n* un atelier jeux de carte s&rsquo;est mis spontan\u00e9ment en place pour ceux qui n&rsquo;ont pas trouv\u00e9 leur int\u00e9r\u00eat dans les ateliers propos\u00e9s.<\/p>\n<p>Ah&#8230; il ne faut pas\u00a0oublier&#8230; \u00a0pendant le repas Mireille, monte sur l&rsquo;estrade, \u00a0la p\u00e9tition \u00e0 la main. Elle remercie tout le monde d&rsquo;avoir sign\u00e9 la p\u00e9tition et annonce&#8230;. \u00a0qu&rsquo;il s&rsquo;agissait <strong><em>d&rsquo;une farce du 1er avril<\/em><\/strong> !<\/p>\n<div style=\"margin-left: 37px; font-style: italic;\">Elle a bien march\u00e9 cette farce&#8230; m\u00eame si certains avaient des doutes. No\u00ebl a m\u00eame fait des recherches sur internet, sur le porteur de la loi notamment&#8230; mais Jeanne Marie avait bien verrouill\u00e9 son affaire\u00a0: le mod\u00e8le du texte de loi, le nom du s\u00e9nateur qui existait bel et bien et dont le domaine de pr\u00e9dilection est bien le \u00a0travail au noir&#8230; tout \u00e9tait l\u00e0 pour faire oublier qu&rsquo;on \u00e9tait le <strong>1er avril<\/strong>.<\/div>\n<div style=\"margin-top: 34px;\">Vers 16h, fin des ateliers&#8230; difficilement pour l&rsquo;atelier \u00ab Nouveaux modes de culture \u00bb, Jacques est tellement passionn\u00e9 \u00a0et passionne tellement son auditoire qu&rsquo;il n&rsquo;y a pas moyen de d\u00e9tourner l&rsquo;attention des s\u00e9listes pour passer \u00e0 la suite !<\/div>\n<p><img loading=\"lazy\" decoding=\"async\" class=\"size-medium wp-image-175 alignleft\" style=\"border: 1px outset #5F140D;\" src=\"http:\/\/sel-sud-ra.org\/20ans\/wp-content\/uploads\/2017\/04\/P1270535-300x225.jpg\" alt=\"\" width=\"300\" height=\"225\" srcset=\"https:\/\/sel-sud-ra.org\/20ans\/wp-content\/uploads\/2017\/04\/P1270535-300x225.jpg 300w, https:\/\/sel-sud-ra.org\/20ans\/wp-content\/uploads\/2017\/04\/P1270535-768x576.jpg 768w, https:\/\/sel-sud-ra.org\/20ans\/wp-content\/uploads\/2017\/04\/P1270535-1024x768.jpg 1024w, https:\/\/sel-sud-ra.org\/20ans\/wp-content\/uploads\/2017\/04\/P1270535.jpg 2048w\" sizes=\"auto, (max-width: 300px) 100vw, 300px\" \/>Un go\u00fbter ponctue l&rsquo;apr\u00e8s-midi et l&rsquo;atelier d&rsquo;\u00e9criture qui avait \u00e9t\u00e9 charg\u00e9 de travailler \u00e0 partir des souhaits post\u00e9s par les s\u00e9listes \u00a0d\u00e9clament<br \/>\n\u00ab <strong>Paroles sal\u00e9es\u2026 acrostiche<\/strong> \u00bb<br \/>\nen guise d&rsquo;au revoir \u00a0<a href=\"http:\/\/sel-sud-ra.org\/20ans\/paroles-salees-acrostiche\/\">Lire<\/a>.<\/p>\n<p>Ces voeux\u00a0des s\u00e9listes cl\u00f4turent donc l&rsquo;interSEL 2017 et ce 20<sup>\u00e8me<\/sup> anniversaire. \u00a0Bien entendu, comme \u00e0 chaque rencontre, c&rsquo;est <strong>collectivement que la salle est remise en ordre<\/strong> et chacun se s\u00e9pare avec moult remerciements et compliments \u00e0 l&rsquo;\u00e9quipe organisatrice !<\/p>\n","protected":false},"excerpt":{"rendered":"<p>voir Les SEL de Romans (SEL des deux rives) de St Marcellin (Sel du Sud Gr\u00e9sivaudan) et de Die (Radisel) f\u00eataient leurs 20 ans \u00e0 l&rsquo;occasion de l&rsquo;interSEL sud Rh\u00f4ne-Alpes qui se tenait \u00e0\u00a0 \u00a0 \u00a0 \u00a0 Granges les Beaumont les 1er et 2 avril 2017. Le week-end a commenc\u00e9 par deux visites, organis\u00e9es par &hellip; <a href=\"https:\/\/sel-sud-ra.org\/20ans\/\" class=\"more-link\">Continuer la lecture de <span class=\"screen-reader-text\">20 ans !<\/span><\/a><\/p>\n","protected":false},"author":1,"featured_media":0,"parent":0,"menu_order":0,"comment_status":"closed","ping_status":"closed","template":"","meta":{"footnotes":""},"class_list":["post-7","page","type-page","status-publish","hentry"],"_links":{"self":[{"href":"https:\/\/sel-sud-ra.org\/20ans\/wp-json\/wp\/v2\/pages\/7","targetHints":{"allow":["GET"]}}],"collection":[{"href":"https:\/\/sel-sud-ra.org\/20ans\/wp-json\/wp\/v2\/pages"}],"about":[{"href":"https:\/\/sel-sud-ra.org\/20ans\/wp-json\/wp\/v2\/types\/page"}],"author":[{"embeddable":true,"href":"https:\/\/sel-sud-ra.org\/20ans\/wp-json\/wp\/v2\/users\/1"}],"replies":[{"embeddable":true,"href":"https:\/\/sel-sud-ra.org\/20ans\/wp-json\/wp\/v2\/comments?post=7"}],"version-history":[{"count":5,"href":"https:\/\/sel-sud-ra.org\/20ans\/wp-json\/wp\/v2\/pages\/7\/revisions"}],"predecessor-version":[{"id":386,"href":"https:\/\/sel-sud-ra.org\/20ans\/wp-json\/wp\/v2\/pages\/7\/revisions\/386"}],"wp:attachment":[{"href":"https:\/\/sel-sud-ra.org\/20ans\/wp-json\/wp\/v2\/media?parent=7"}],"curies":[{"name":"wp","href":"https:\/\/api.w.org\/{rel}","templated":true}]}}