{"id":37,"date":"2017-04-03T12:03:18","date_gmt":"2017-04-03T10:03:18","guid":{"rendered":"http:\/\/sel-sud-ra.org\/20ans\/?page_id=37"},"modified":"2017-04-03T13:11:40","modified_gmt":"2017-04-03T11:11:40","slug":"les-sel-presents","status":"publish","type":"page","link":"https:\/\/sel-sud-ra.org\/20ans\/les-sel-presents\/","title":{"rendered":"Les SEL pr\u00e9sents"},"content":{"rendered":"<p>Les SEL invit\u00e9s \u00e9taient ceux du <strong>Sud Rh\u00f4ne-Alpes<\/strong> <strong>Ard\u00e8che, Dr\u00f4me et Is\u00e8re<\/strong> auxquels on rajoute l&rsquo;<strong>Enclave des Papes<\/strong>, avec Seleil de Valr\u00e9as&#8230; qui sont dans le Vaucluse et donc de la R\u00e9gion PACA mais qui \u00e9tant enclav\u00e9s dans la Dr\u00f4me ils sont aussi dr\u00f4mois de coeur et surtout nos amis !<\/p>\n<p><em>Avaient r\u00e9pondu \u00e0 l&rsquo;invitation des s\u00e9listes du :<\/em><\/p>\n<p>SEL de Fontaine (38)<br \/>\nSEL de Grenoble (38)<br \/>\nSEL de l&rsquo;Hermitage (26 &#8211; Tain)<br \/>\nSeleil (84)<br \/>\nValensel (26 &#8211; Valence)<br \/>\nVal du Dauphin\u00e9 (38)<br \/>\nSEL de Villefontaine (38)<br \/>\nVivansel (26 &#8211; Valence)<br \/>\nSEL du Voironnais (38)<\/p>\n<p><strong>Et bien entendu les SEL organisateurs<\/strong><\/p>\n<p>SEL du Sud Gr\u00e9sivaudan (38 &#8211; St Marcellin)<br \/>\nRadisel (26 &#8211; Die)<br \/>\nSEL des deux rives (26 &#8211; Romans)<\/p>\n","protected":false},"excerpt":{"rendered":"<p>Les SEL invit\u00e9s \u00e9taient ceux du Sud Rh\u00f4ne-Alpes Ard\u00e8che, Dr\u00f4me et Is\u00e8re auxquels on rajoute l&rsquo;Enclave des Papes, avec Seleil de Valr\u00e9as&#8230; qui sont dans le Vaucluse et donc de la R\u00e9gion PACA mais qui \u00e9tant enclav\u00e9s dans la Dr\u00f4me ils sont aussi dr\u00f4mois de coeur et surtout nos amis ! Avaient r\u00e9pondu \u00e0 l&rsquo;invitation &hellip; <a href=\"https:\/\/sel-sud-ra.org\/20ans\/les-sel-presents\/\" class=\"more-link\">Continuer la lecture de <span class=\"screen-reader-text\">Les SEL pr\u00e9sents<\/span><\/a><\/p>\n","protected":false},"author":1,"featured_media":0,"parent":0,"menu_order":0,"comment_status":"closed","ping_status":"closed","template":"","meta":{"footnotes":""},"class_list":["post-37","page","type-page","status-publish","hentry"],"_links":{"self":[{"href":"https:\/\/sel-sud-ra.org\/20ans\/wp-json\/wp\/v2\/pages\/37","targetHints":{"allow":["GET"]}}],"collection":[{"href":"https:\/\/sel-sud-ra.org\/20ans\/wp-json\/wp\/v2\/pages"}],"about":[{"href":"https:\/\/sel-sud-ra.org\/20ans\/wp-json\/wp\/v2\/types\/page"}],"author":[{"embeddable":true,"href":"https:\/\/sel-sud-ra.org\/20ans\/wp-json\/wp\/v2\/users\/1"}],"replies":[{"embeddable":true,"href":"https:\/\/sel-sud-ra.org\/20ans\/wp-json\/wp\/v2\/comments?post=37"}],"version-history":[{"count":3,"href":"https:\/\/sel-sud-ra.org\/20ans\/wp-json\/wp\/v2\/pages\/37\/revisions"}],"predecessor-version":[{"id":65,"href":"https:\/\/sel-sud-ra.org\/20ans\/wp-json\/wp\/v2\/pages\/37\/revisions\/65"}],"wp:attachment":[{"href":"https:\/\/sel-sud-ra.org\/20ans\/wp-json\/wp\/v2\/media?parent=37"}],"curies":[{"name":"wp","href":"https:\/\/api.w.org\/{rel}","templated":true}]}}