{"id":205,"date":"2017-04-03T22:00:25","date_gmt":"2017-04-03T20:00:25","guid":{"rendered":"http:\/\/sel-sud-ra.org\/20ans\/?page_id=205"},"modified":"2017-04-03T22:03:20","modified_gmt":"2017-04-03T20:03:20","slug":"larbre-a-souhaits","status":"publish","type":"page","link":"https:\/\/sel-sud-ra.org\/20ans\/larbre-a-souhaits\/","title":{"rendered":"L&rsquo;arbre \u00e0 souhaits"},"content":{"rendered":"<p><strong>S \u00a0 \u00a0Sourires, Solidarit\u00e9, Sympathie<br \/>\nE \u00a0 \u00a0Enthousiasme, Envie de faire, \u00c9nergie<br \/>\nL \u00a0 \u00a0Libert\u00e9, Libre-arbitre, Libre \u00e9change<br \/>\n<\/strong><em>liste non exhaustive \u00e0 compl\u00e9ter\u2026<\/em><\/p>\n<p>Consommons sans mod\u00e9ration le SEL qui donne le go\u00fbt de l\u2019\u00c9change, du Partage, de la Tol\u00e9rance, de la Solidarit\u00e9 voire de l\u2019Amiti\u00e9<\/p>\n<p>Je souhaite que le SEL apporte de la gaiet\u00e9, e la joie, de la bienveillance, de l\u2019envie, de l\u2019enthousiasme, de l\u2019espoir, de\u2026\u2026<\/p>\n<p>Pour un monde solidaire, \u00e9cologique, \u00e9galitaire\u2026 humain<\/p>\n<p>\u00ab Le plus grand service que chacun peut rendre \u00e0 l\u2019autre c\u2019est de s&rsquo;occuper de lui-m\u00eame &#8211; c\u2019est le meilleur moyen d\u2019all\u00e9ger la charge commune \u00bb Raoul Follereau<br \/>\nQue chacun l\u2019entende et entraide pour tous.<\/p>\n<p>F\u00e9licitation S aux diff\u00e9rents SELs qui ont organis\u00e9 les 2 visites 1083 et Coll\u00e9giale St Barnard.<br \/>\nMerci.<br \/>\nJe souhaite de continuer de faire des rencontres avec de nouveaux s\u00e9listes (personnalit\u00e9s, comp\u00e9tences et savoirs)<\/p>\n<p>Que lors de nos belles rencontres on \u00e9vite au maximum d\u2019utiliser du mat\u00e9riel polluant et que l\u2019on ait soin de trier correctement les d\u00e9chets pour le recyclage (je viens de trier les poubelles)<\/p>\n<p>Je souhaite partager le meilleur de moi-m\u00eame<\/p>\n<p>Je souhaite longue vie \u00e0 tous les SEL, symboles de solidarit\u00e9, d\u2019entraide et aussi d\u2019amiti\u00e9<\/p>\n<p>Je souhait longue vie au SEL, qu\u2019il m\u2019apporte des \u00e9changez, de l\u2019amiti\u00e9 et beaucoup de bonnes choses pour tout le monde<\/p>\n<p>Je r\u00eave que chaque \u00e2ge de la vie se rende compte des tr\u00e9sors qu\u2019il habite et qui l\u2019habitent et que le partage est notre joli coffre \u00e0 tous,<br \/>\net qu\u2019il nous est n\u00e9cessaire de la faire vivre<\/p>\n<p>J\u2019esp\u00e8re que le mouvement SEL saura entra\u00eener des jeunes dans son sillage.<br \/>\nJ\u2019esp\u00e8re que le mouvement SEL saura accompagner nos concitoyens vers plus de solidarit\u00e9 dans ce monde qui se replie sur lui-m\u00eame<br \/>\nJ\u2019esp\u00e8re que les SELs sauront toujours rajeunir et accompagner nos concitoyens<\/p>\n<p>Sir\u00e8ne, Sociable, Salutaire<br \/>\n\u00c9tonnement, \u00c9tranges \u00c9trangers<br \/>\nLambeau, Lucide, Laurier<\/p>\n<p>Pour nous travaillions \u00e0 une gestion et une animation plus collaborative de nos SELs<\/p>\n<p>Des rencontres, des liens avec les SELs Sud Rh\u00f4ne-Alpes<\/p>\n<p>Tr\u00e8s longue continuit\u00e9 \u00e0 tous les SELs de l\u2019Hexagone et d\u2019ailleurs<\/p>\n<p>Longue vie \u00e0 tous les SELs.<br \/>\nBonne continuation \u00e0 toutes et \u00e0 tous.<br \/>\nSUS au projet de la loi du gouvernement. A bas tous ces irresponsables de l\u2019\u00c9tat !<\/p>\n<p>De la solidarit\u00e9 toujours et encore<br \/>\nDe l\u2019utopie aussi\u2026<\/p>\n<p>Qu\u2019apr\u00e8s avoir f\u00eat\u00e9 leurs 20 ans d\u2019existence nos 3 SELs continuent leur route pour f\u00eater d\u2019autres anniversaires.<br \/>\nA dans 10 ans !!!<\/p>\n<p>Je souhaite que nous parvenions \u00e0 d\u00e9velopper des SELs interg\u00e9n\u00e9rationnels.<br \/>\nLe p\u00e9tillant des regards d\u2019enfants, des regards d\u2019adolescents, des regards d\u2019adultes, des regards des anciens<\/p>\n<p>Beaucoup de liens, de contacts et de rencontres<\/p>\n<p>Je suis combl\u00e9e !!!<\/p>\n<p>Unissons les SELs, faisons plus de rencontre entre les SE.s, ce serait bien que le SEL SudGr\u00e9sivaudan fasse parfois des soir\u00e9es (genre comme hier) . Ce serait bien sympa.<\/p>\n<p>Je souhaite une soci\u00e9t\u00e9 qui contribue \u00e0 \u00e9voluer vers toujours plus de solidarit\u00e9, de liens, de tol\u00e9rance, de g\u00e9n\u00e9rosit\u00e9, d\u2019humanisme, d\u2019entraide, d\u2019ouverture aux autres pour contrer les troubles qui secouent le monde.<br \/>\nUne pens\u00e9e pour les r\u00e9fugi\u00e9s et les habitants des pays en guerre.<\/p>\n<p>Je souhait des amis, des \u00e9changes, des rires, du partage, des connivences, des prises de conscience\u2026<\/p>\n<p>Soleil, Sinc\u00e9rit\u00e9, Sympathie<br \/>\n\u00c9toile, \u00c9vidence, Esp\u00e9ranto<br \/>\nLibert\u00e9, Lumi\u00e8re, Luciole<\/p>\n<p>\u00ab Exister c\u2019est \u00eatre un lien \u00bb c\u2019est le principe du SEL<\/p>\n<p>G\u00e9rard ZILBERMANN, Cardiologue retrait\u00e9 de l\u2019Ard\u00e8che\/ Peintre a dit :<br \/>\n\u00ab On peut s\u2019en sortir que par le BEAU Qu\u2019est-ce qui est BEAU pour toi ? \u00bb<br \/>\nLe SEL est une belle \u0153uvre<\/p>\n<p>Hatchoum !<br \/>\nA tes souhaits \u2013 C\u2019est le poivre ? &#8211; Non, c\u2019est le SEL<br \/>\nLe SEL de Mer ? &#8211; Non le SEL de la Vie<br \/>\nTu en as ? &#8211; Oui, mais toi aussi !!!<\/p>\n<p>Longues vies aux SELs Qu\u2019ils deviennent centenaires<\/p>\n<p>Que serais-je sans \u00ab l\u2019autre \u00bb, l\u2019ami, le s\u00e9liste qui me tend la main, me donne un sourire et avec qui partager un moment en toute simplicit\u00e9. Merci le SEL<\/p>\n<p>Merci le SEL, un mouvement En Marche<\/p>\n<p>L\u2019amiti\u00e9 dans quel sens ? La curiosit\u00e9 de l\u2019autre<br \/>\nVivre pour qui ? Pour quoi ?<br \/>\nLe service est devenu payant, il n\u2019a plus de sens si on ne lui rend pas son essence.<\/p>\n<p>Que nos SELs se dynamisent en se rencontrant plus souvent et que les s\u00e9listes n\u2019h\u00e9sitent pas \u00e0 participer aux activit\u00e9s des SELs voisins ou\u2026 lointains<\/p>\n<p>Afin que chacun puisse profiter pleinement des rencontres SEL, que celles-ci commencent plus t\u00f4t dans l\u2019apr\u00e8s-midi pour finir plus t\u00f4t dans la soir\u00e9e.<\/p>\n<p>Je souhaite que les SELs contribuent dans les ann\u00e9es \u00e0 venir \u00e0 r\u00e9-enchanter notre monde, \u00e0 le r\u00e9-humaniser.<br \/>\nNe laissons pas les machines dominer tout le vivant.<br \/>\nLe transhumanisme est le nouveau totalitarisme\u2026 Il est \u00e0 nos portes.<br \/>\nD\u00e9fendons notre humanit\u00e9 ainsi que que la nature plus que jamais !!!<\/p>\n<p>Bonjour, Nous sommes les radis qui disent oui \u00e0 la vie, oui \u00e0 la f\u00eate des \u00e9changes.<br \/>\nLe Radisel de Die avec ses bulles qui vient autour d\u2019une bonne bouteille<br \/>\nLe Radisel des Mercis<br \/>\nLe Sel de la Paix !<\/p>\n<p>Je souhaite que les s\u00e9listes puissent donner l\u2019exemple : aimer son prochain et laisser l\u2019argent de c\u00f4t\u00e9, montrer et vibrer dans l\u2019entraide au lieu de se trainer dans des luttes de pouvoir (m\u00eame dans les m\u00e9dias!), manger, boire et vivre naturellement en laissant les voies productivistes aux archives.<br \/>\nBref, faire le Bien et Bien Vivre. Certains le font d\u00e9j\u00e0 et le s\u00e9liste sera un \u00ab mod\u00e8le \u00bb \u00e0 suivre.<\/p>\n<p>Du Lien plus important et plus organis\u00e9 entre les diff\u00e9rents SELs<\/p>\n<p>Je fais ce v\u0153u \u00e9trange et merveilleux : Que a Paix devienne naturellement<\/p>\n<p>La libert\u00e9 d\u2019expression demande que soit lev\u00e9 cet interdit d\u2019immatures de proposer des animations, partages\u2026 politique et religieux ou spirituel. Tout atelier \u00e9tant libre et non contraint entre gens intelligents on devrait \u00eatre capables d\u2019\u00eatre enrichis par des partages aussi, de cet ordre.<\/p>\n<p>Un peu plus d\u2019engagement de tous dans le SEL, moins de consommation passive<\/p>\n<p>Que les SELs soient toujours aussi accueillants et nous permettent de faire des \u00e9changes solidaires. Pour le moral et des \u00e9changes jardinage et beaucoup d\u2019autres.<\/p>\n<p>Je souhaite que les hommes politiques que nous allons \u00e9lire soient au service du BIEN OMMUN et non de leurs profits et de leur carri\u00e8re.<\/p>\n<p>Merci pour votre organisation, pour le temps que vous y avez pass\u00e9.<br \/>\nCe temps et ce dynamisme c\u2019est ce que je souhaite \u00e0 chaque SEL ;<\/p>\n<p>Vive le SEL<\/p>\n<p>Que les SELs se g\u00e9n\u00e9ralisant en France et contribuent \u00e0 cr\u00e9er une soci\u00e9t\u00e9 plus HUMAINE et plus JUSTE en s\u2019entraidant les uns les autres !!!<\/p>\n","protected":false},"excerpt":{"rendered":"<p>S \u00a0 \u00a0Sourires, Solidarit\u00e9, Sympathie E \u00a0 \u00a0Enthousiasme, Envie de faire, \u00c9nergie L \u00a0 \u00a0Libert\u00e9, Libre-arbitre, Libre \u00e9change liste non exhaustive \u00e0 compl\u00e9ter\u2026 Consommons sans mod\u00e9ration le SEL qui donne le go\u00fbt de l\u2019\u00c9change, du Partage, de la Tol\u00e9rance, de la Solidarit\u00e9 voire de l\u2019Amiti\u00e9 Je souhaite que le SEL apporte de la gaiet\u00e9, e &hellip; <a href=\"https:\/\/sel-sud-ra.org\/20ans\/larbre-a-souhaits\/\" class=\"more-link\">Continuer la lecture de <span class=\"screen-reader-text\">L&rsquo;arbre \u00e0 souhaits<\/span><\/a><\/p>\n","protected":false},"author":1,"featured_media":0,"parent":0,"menu_order":0,"comment_status":"closed","ping_status":"closed","template":"","meta":{"footnotes":""},"class_list":["post-205","page","type-page","status-publish","hentry"],"_links":{"self":[{"href":"https:\/\/sel-sud-ra.org\/20ans\/wp-json\/wp\/v2\/pages\/205","targetHints":{"allow":["GET"]}}],"collection":[{"href":"https:\/\/sel-sud-ra.org\/20ans\/wp-json\/wp\/v2\/pages"}],"about":[{"href":"https:\/\/sel-sud-ra.org\/20ans\/wp-json\/wp\/v2\/types\/page"}],"author":[{"embeddable":true,"href":"https:\/\/sel-sud-ra.org\/20ans\/wp-json\/wp\/v2\/users\/1"}],"replies":[{"embeddable":true,"href":"https:\/\/sel-sud-ra.org\/20ans\/wp-json\/wp\/v2\/comments?post=205"}],"version-history":[{"count":5,"href":"https:\/\/sel-sud-ra.org\/20ans\/wp-json\/wp\/v2\/pages\/205\/revisions"}],"predecessor-version":[{"id":219,"href":"https:\/\/sel-sud-ra.org\/20ans\/wp-json\/wp\/v2\/pages\/205\/revisions\/219"}],"wp:attachment":[{"href":"https:\/\/sel-sud-ra.org\/20ans\/wp-json\/wp\/v2\/media?parent=205"}],"curies":[{"name":"wp","href":"https:\/\/api.w.org\/{rel}","templated":true}]}}

L&rsquo;arbre à souhaits

<p><strong>S    Sourires, Solidarité, Sympathie<br />
E    Enthousiasme, Envie de faire, Énergie<br />
L    Liberté, Libre-arbitre, Libre échange<br />
</strong><em>liste non exhaustive à compléter…</em></p>
<p>Consommons sans modération le SEL qui donne le goût de l’Échange, du Partage, de la Tolérance, de la Solidarité voire de l’Amitié</p>
<p>Je souhaite que le SEL apporte de la gaieté, e la joie, de la bienveillance, de l’envie, de l’enthousiasme, de l’espoir, de……</p>
<p>Pour un monde solidaire, écologique, égalitaire… humain</p>
<p>« Le plus grand service que chacun peut rendre à l’autre c’est de s&rsquo;occuper de lui-même &#8211; c’est le meilleur moyen d’alléger la charge commune » Raoul Follereau<br />
Que chacun l’entende et entraide pour tous.</p>
<p>Félicitation S aux différents SELs qui ont organisé les 2 visites 1083 et Collégiale St Barnard.<br />
Merci.<br />
Je souhaite de continuer de faire des rencontres avec de nouveaux sélistes (personnalités, compétences et savoirs)</p>
<p>Que lors de nos belles rencontres on évite au maximum d’utiliser du matériel polluant et que l’on ait soin de trier correctement les déchets pour le recyclage (je viens de trier les poubelles)</p>
<p>Je souhaite partager le meilleur de moi-même</p>
<p>Je souhaite longue vie à tous les SEL, symboles de solidarité, d’entraide et aussi d’amitié</p>
<p>Je souhait longue vie au SEL, qu’il m’apporte des échangez, de l’amitié et beaucoup de bonnes choses pour tout le monde</p>
<p>Je rêve que chaque âge de la vie se rende compte des trésors qu’il habite et qui l’habitent et que le partage est notre joli coffre à tous,<br />
et qu’il nous est nécessaire de la faire vivre</p>
<p>J’espère que le mouvement SEL saura entraîner des jeunes dans son sillage.<br />
J’espère que le mouvement SEL saura accompagner nos concitoyens vers plus de solidarité dans ce monde qui se replie sur lui-même<br />
J’espère que les SELs sauront toujours rajeunir et accompagner nos concitoyens</p>
<p>Sirène, Sociable, Salutaire<br />
Étonnement, Étranges Étrangers<br />
Lambeau, Lucide, Laurier</p>
<p>Pour nous travaillions à une gestion et une animation plus collaborative de nos SELs</p>
<p>Des rencontres, des liens avec les SELs Sud Rhône-Alpes</p>
<p>Très longue continuité à tous les SELs de l’Hexagone et d’ailleurs</p>
<p>Longue vie à tous les SELs.<br />
Bonne continuation à toutes et à tous.<br />
SUS au projet de la loi du gouvernement. A bas tous ces irresponsables de l’État !</p>
<p>De la solidarité toujours et encore<br />
De l’utopie aussi…</p>
<p>Qu’après avoir fêté leurs 20 ans d’existence nos 3 SELs continuent leur route pour fêter d’autres anniversaires.<br />
A dans 10 ans !!!</p>
<p>Je souhaite que nous parvenions à développer des SELs intergénérationnels.<br />
Le pétillant des regards d’enfants, des regards d’adolescents, des regards d’adultes, des regards des anciens</p>
<p>Beaucoup de liens, de contacts et de rencontres</p>
<p>Je suis comblée !!!</p>
<p>Unissons les SELs, faisons plus de rencontre entre les SE.s, ce serait bien que le SEL SudGrésivaudan fasse parfois des soirées (genre comme hier) . Ce serait bien sympa.</p>
<p>Je souhaite une société qui contribue à évoluer vers toujours plus de solidarité, de liens, de tolérance, de générosité, d’humanisme, d’entraide, d’ouverture aux autres pour contrer les troubles qui secouent le monde.<br />
Une pensée pour les réfugiés et les habitants des pays en guerre.</p>
<p>Je souhait des amis, des échanges, des rires, du partage, des connivences, des prises de conscience…</p>
<p>Soleil, Sincérité, Sympathie<br />
Étoile, Évidence, Espéranto<br />
Liberté, Lumière, Luciole</p>
<p>« Exister c’est être un lien » c’est le principe du SEL</p>
<p>Gérard ZILBERMANN, Cardiologue retraité de l’Ardèche/ Peintre a dit :<br />
« On peut s’en sortir que par le BEAU Qu’est-ce qui est BEAU pour toi ? »<br />
Le SEL est une belle œuvre</p>
<p>Hatchoum !<br />
A tes souhaits – C’est le poivre ? &#8211; Non, c’est le SEL<br />
Le SEL de Mer ? &#8211; Non le SEL de la Vie<br />
Tu en as ? &#8211; Oui, mais toi aussi !!!</p>
<p>Longues vies aux SELs Qu’ils deviennent centenaires</p>
<p>Que serais-je sans « l’autre », l’ami, le séliste qui me tend la main, me donne un sourire et avec qui partager un moment en toute simplicité. Merci le SEL</p>
<p>Merci le SEL, un mouvement En Marche</p>
<p>L’amitié dans quel sens ? La curiosité de l’autre<br />
Vivre pour qui ? Pour quoi ?<br />
Le service est devenu payant, il n’a plus de sens si on ne lui rend pas son essence.</p>
<p>Que nos SELs se dynamisent en se rencontrant plus souvent et que les sélistes n’hésitent pas à participer aux activités des SELs voisins ou… lointains</p>
<p>Afin que chacun puisse profiter pleinement des rencontres SEL, que celles-ci commencent plus tôt dans l’après-midi pour finir plus tôt dans la soirée.</p>
<p>Je souhaite que les SELs contribuent dans les années à venir à ré-enchanter notre monde, à le ré-humaniser.<br />
Ne laissons pas les machines dominer tout le vivant.<br />
Le transhumanisme est le nouveau totalitarisme… Il est à nos portes.<br />
Défendons notre humanité ainsi que que la nature plus que jamais !!!</p>
<p>Bonjour, Nous sommes les radis qui disent oui à la vie, oui à la fête des échanges.<br />
Le Radisel de Die avec ses bulles qui vient autour d’une bonne bouteille<br />
Le Radisel des Mercis<br />
Le Sel de la Paix !</p>
<p>Je souhaite que les sélistes puissent donner l’exemple : aimer son prochain et laisser l’argent de côté, montrer et vibrer dans l’entraide au lieu de se trainer dans des luttes de pouvoir (même dans les médias!), manger, boire et vivre naturellement en laissant les voies productivistes aux archives.<br />
Bref, faire le Bien et Bien Vivre. Certains le font déjà et le séliste sera un « modèle » à suivre.</p>
<p>Du Lien plus important et plus organisé entre les différents SELs</p>
<p>Je fais ce vœu étrange et merveilleux : Que a Paix devienne naturellement</p>
<p>La liberté d’expression demande que soit levé cet interdit d’immatures de proposer des animations, partages… politique et religieux ou spirituel. Tout atelier étant libre et non contraint entre gens intelligents on devrait être capables d’être enrichis par des partages aussi, de cet ordre.</p>
<p>Un peu plus d’engagement de tous dans le SEL, moins de consommation passive</p>
<p>Que les SELs soient toujours aussi accueillants et nous permettent de faire des échanges solidaires. Pour le moral et des échanges jardinage et beaucoup d’autres.</p>
<p>Je souhaite que les hommes politiques que nous allons élire soient au service du BIEN OMMUN et non de leurs profits et de leur carrière.</p>
<p>Merci pour votre organisation, pour le temps que vous y avez passé.<br />
Ce temps et ce dynamisme c’est ce que je souhaite à chaque SEL ;</p>
<p>Vive le SEL</p>
<p>Que les SELs se généralisant en France et contribuent à créer une société plus HUMAINE et plus JUSTE en s’entraidant les uns les autres !!!</p>

<p>S    Sourires, Solidarité, Sympathie E    Enthousiasme, Envie de faire, Énergie L    Liberté, Libre-arbitre, Libre échange liste non exhaustive à compléter… Consommons sans modération le SEL qui donne le goût de l’Échange, du Partage, de la Tolérance, de la Solidarité voire de l’Amitié Je souhaite que le SEL apporte de la gaieté, e &hellip; <a href="https://sel-sud-ra.org/20ans/larbre-a-souhaits/" class="more-link">Continuer la lecture de <span class="screen-reader-text">L&rsquo;arbre à souhaits</span></a></p>
